 base 4, what is 13233303 - -100?
13300003
In base 12, what is -3 - 17360?
-17363
In base 14, what is 1 + 2267?
2268
In base 7, what is -1100 - -132?
-635
In base 3, what is -10 + -201?
-211
In base 2, what is 111 - -11101010001101?
11101010010100
In base 2, what is -10110001100101 - -100111?
-10110000111110
In base 2, what is -1 - 100111110010111100?
-100111110010111101
In base 3, what is 12 - 10110001111?
-10110001022
In base 15, what is -691 - 1a?
-6ab
In base 4, what is 131202 - 1102?
130100
In base 10, what is -16 + 1576?
1560
In base 7, what is 26433 + -434?
25666
In base 15, what is 7 - 7162?
-715a
In base 14, what is 6278 + 6?
6280
In base 16, what is 9d - 107e?
-fe1
In base 7, what is 1222503 + -4?
1222466
In base 3, what is 1 + 11111111112?
11111111120
In base 7, what is -20266 + 3?
-20263
In base 5, what is -123 + -131034?
-131212
In base 10, what is -4778 - -3?
-4775
In base 7, what is 31644255 + -5?
31644250
In base 11, what is 26618 + 5?
26622
In base 15, what is 4 - -498b?
4990
In base 10, what is -3170 + -2071?
-5241
In base 3, what is -111011021210 + -222?
-111011022202
In base 14, what is -25 + -7a5?
-7ca
In base 11, what is 116 - 6533?
-6418
In base 15, what is -24e4 + 128?
-23bb
In base 5, what is 40320 + -31?
40234
In base 15, what is -2d5 + -189?
-46e
In base 8, what is -2753477 + 1?
-2753476
In base 8, what is 4 - 263504?
-263500
In base 11, what is 27 + -10774?
-10748
In base 15, what is 1e2 - c3c?
-a4a
In base 2, what is 0 + 11010010110110010?
11010010110110010
In base 6, what is -310130 - -22?
-310104
In base 11, what is -14 + -134776?
-13478a
In base 5, what is -11 + 211202?
211141
In base 5, what is 3123 + 43420?
102043
In base 16, what is e + 7d2d?
7d3b
In base 10, what is 2 - -63909?
63911
In base 14, what is 123 - 129?
-6
In base 7, what is -6 + 55552?
55543
In base 3, what is -210010102 + 110?
-210002222
In base 15, what is -32d2 + -1a?
-32ec
In base 15, what is -2c - a9c?
-ac9
In base 3, what is -1000111122 - -11?
-1000111111
In base 16, what is 2cd - -f1?
3be
In base 3, what is -2022 - -10202111?
10200012
In base 14, what is 3 + 789c?
78a1
In base 7, what is 313 + -645?
-332
In base 6, what is -21353211 - -2?
-21353205
In base 16, what is -e - -1a47?
1a39
In base 9, what is 2767 + -65?
2702
In base 14, what is 4cc - 176?
356
In base 8, what is 1243 + 6734?
10177
In base 13, what is 586 - 10?
576
In base 12, what is a9 + b4?
1a1
In base 15, what is -4dc46 - 15?
-4dc5b
In base 5, what is -1143 - -2124?
431
In base 2, what is 10111100110100010 + -101?
10111100110011101
In base 15, what is 4a + -3c?
d
In base 12, what is 9 - 9461?
-9454
In base 8, what is -2 - 4273163?
-4273165
In base 8, what is 1 + 4305?
4306
In base 14, what is 2 - -2a505?
2a507
In base 11, what is -165 - -18a?
25
In base 14, what is 6 - -10907c?
109084
In base 4, what is -32 - 231000320?
-231001012
In base 15, what is 4 - -b308?
b30c
In base 3, what is 11 + 1221020?
1221101
In base 4, what is -1210 - -1120023?
1112213
In base 14, what is -c8 + 2c?
-9a
In base 4, what is 12120323 - -10?
12120333
In base 2, what is 11100 - 1000111001001?
-1000110101101
In base 4, what is 103 - 220333301?
-220333132
In base 16, what is -a98ea - 0?
-a98ea
In base 2, what is 101101 + 1000010111010?
1000011100111
In base 3, what is -1121201 + 101010?
-1020121
In base 12, what is 7 - 17092?
-17087
In base 7, what is -13 + 1423432?
1423416
In base 13, what is -9 + -12a9bb?
-12a9c7
In base 12, what is -9b0 - -15?
-997
In base 16, what is -2 + -750a?
-750c
In base 2, what is 10110010100110101 + 111?
10110010100111100
In base 16, what is 1 + -73c?
-73b
In base 3, what is 1110 + 11021?
12201
In base 16, what is 4 - 1b289?
-1b285
In base 14, what is 23d + -91?
18c
In base 5, what is 1120240 + -12?
1120223
In base 4, what is 310121 + -10000?
300121
In base 7, what is -136466 - -3?
-136463
In base 8, what is -4151 + 10?
-4141
In base 14, what is -4 - -13d603?
13d5dd
In base 14, what is -10dc - 17?
-1115
In base 16, what is e38 - 15b?
cdd
In base 13, what is 2120 + 2?
2122
In base 14, what is a + 165d?
1669
In base 15, what is 125 + -168?
-43
In base 14, what is 72d + 49?
778
In base 15, what is 8 - -8e5?
8ed
In base 3, what is -22221102202 + -2?
-22221102211
In base 16, what is d - d6a?
-d5d
In base 12, what is -b928 + -5?
-b931
In base 5, what is 310234 + 14?
310303
In base 7, what is -34 + -14604?
-14641
In base 3, what is -1 + -100112201020?
-100112201021
In base 15, what is 1ed4c + 6?
1ed53
In base 6, what is 2503255 - 1?
2503254
In base 11, what is 0 - -1aa03a?
1aa03a
In base 16, what is 1 - 4e5a?
-4e59
In base 12, what is -3a + -2823?
-2861
In base 15, what is -5361 + 0?
-5361
In base 7, what is -116 - -10644?
10525
In base 3, what is -2002200210 - -1?
-2002200202
In base 7, what is 4460 - -10?
4500
In base 6, what is -1 - -210051?
210050
In base 13, what is -10a4 + b?
-1096
In base 16, what is -13 + b9?
a6
In base 7, what is 20211305 + -2?
20211303
In base 15, what is 6 + 1db2?
1db8
In base 5, what is -110 - -1002240?
1002130
In base 11, what is -7 - -6043?
6037
In base 15, what is -11cd6 - -8?
-11ccd
In base 14, what is 1631b5 - -2?
1631b7
In base 2, what is -110 + -10110011000100010?
-10110011000101000
In base 7, what is -1113232 + -1?
-1113233
In base 4, what is 1 + -2122101?
-2122100
In base 7, what is -2534446 + -2?
-2534451
In base 5, what is 241 + -131023?
-130232
In base 10, what is 2 + 11656?
11658
In base 4, what is 10022 - 3230?
132
In base 5, what is 0 + -32422433?
-32422433
In base 3, what is -2011010 + -110011?
-2121021
In base 16, what is 27529 - 1?
27528
In base 2, what is 10010 - 10011000110?
-10010110100
In base 11, what is 16 + -2919?
-2903
In base 11, what is 26 + -53189?
-53163
In base 11, what is 139797 + 1?
139798
In base 5, what is 0 - -21132?
21132
In base 10, what is -33 - 19794?
-19827
In base 11, what is -37 + -8249?
-8285
In base 16, what is -133 + -6d?
-1a0
In base 12, what is -11007 + -1?
-11008
In base 10, what is 3 + -32286?
-32283
In base 2, what is 101110 - -1000111001?
1001100111
In base 14, what is 2c6d + 1?
2c70
In base 6, what is -1255534 - -5?
-1255525
In base 2, what is -11 - 10111000101011001?
-10111000101011100
In base 3, what is 10102 - 10022011?
-10011202
In base 10, what is 4441 + 2?
4443
In base 4, what is -2 + 2221121111?
2221121103
In base 15, what is -aa + -c6?
-181
In base 9, what is 10250 + 15?
10265
In base 11, what is -2a125 + -5?
-2a12a
In base 5, what is 22 + -314103?
-314031
In base 3, what is -210200012021 - 11?
-210200012102
In base 11, what is 7 + -2059?
-2052
In base 10, what is -5 + 134294?
134289
In base 8, what is -17363 - 11?
-17374
In base 13, what is 13a57 + 1?
13a58
In base 13, what is 484 + 15a?
611
In base 3, what is -10 - 2200001?
-2200011
In base 9, what is -17524 + 7?
-17516
In base 16, what is 17 - 666?
-64f
In base 12, what is -448 - -61?
-3a7
In base 13, what is -97 - -29b?
204
In base 4, what is 12 + -2023100?
-2023022
In base 16, what is 5 + 810f8?
810fd
In base 9, what is 20105 - 3?
20102
In base 6, what is -23501224 - -4?
-23501220
In base 11, what is -388a - 13?
-38a2
In base 14, what is 13d + -3?
13a
In base 15, what is -37 + -22ee?
-2336
In base 7, what is 12 - 16341?
-16326
In base 5, what is -130 - 2101040?
-2101220
In base 16, what is 3cfa - 28?
3cd2
In base 2, what is 1000011101011000011010 + 1?
1000011101011000011011
In base 8, what is -6177 - 224?
-6423
In base 5, what is 14001002 + -2?
14001000
In base 11, what is -11 - -57294?
57283
In base 13, what is -b92 - -98?
-ac7
In base 16, what is 894b - 5?
8946
In base 10, what is -86 - -3657?
3571
In base 2, what is -111 - 1000111000?
-1000111111
In base 13, what is c - 2070b?
-206cc
In base 10, what is 2064 - -483?
2547
In base 8, what is 13524 - -476?
14222
In base 14, what is -24d4 + 46?
-248c
In base 12, what is -2 + a3175?
a3173
In base 5, what is 44122 - -113?
44240
In base 12, what is -23 - -1271?
124a
In base 6, what is 30402 + 31?
30433
In base 5, what is 4302 + 10141?
14443
In base 9, what is -2 + 1124330?
1124327
In base 12, what is -5 + b0934?
b092b
In base 3, what is -2222211201222 + -11?
-2222211202010
In base 11, what is 5 - -8a51?
8a56
In base 16, what is d1 - -13cb?
149c
In base 4, what is -111302333221 + -11?
-11